
137, 4819349
What are the prime factors of 74030705?
5, 7, 139, 15217
What are the prime factors of 2571524073?
3, 173, 1651589
List the prime factors of 3614791.
3614791
What are the prime factors of 44402691?
3, 17, 870641
What are the prime factors of 1193440765?
5, 11, 21698923
What are the prime factors of 770277677?
13, 31, 73, 26183
List the prime factors of 65946072.
2, 3, 2747753
List the prime factors of 48043108.
2, 12010777
What are the prime factors of 2640643897?
131, 20157587
What are the prime factors of 1068079344?
2, 3, 22251653
What are the prime factors of 382114765?
5, 76422953
List the prime factors of 171228707.
13, 13171439
List the prime factors of 83639703.
3, 7, 1499, 2657
What are the prime factors of 27017271?
3, 3001919
List the prime factors of 17954368.
2, 280537
List the prime factors of 22669496.
2, 2833687
What are the prime factors of 53921956?
2, 11, 111409
What are the prime factors of 877392492?
2, 3, 307, 238163
List the prime factors of 1192590587.
113, 167, 63197
List the prime factors of 605493102.
2, 3, 19, 1999, 2657
List the prime factors of 95456655.
3, 5, 7, 43291
What are the prime factors of 1949683291?
37, 41, 1285223
List the prime factors of 308157750.
2, 3, 5, 71, 643
What are the prime factors of 3399776906?
2, 1699888453
What are the prime factors of 3932908189?
7, 449, 1251323
List the prime factors of 4970751568.
2, 227, 1368599
List the prime factors of 1010391763.
1010391763
List the prime factors of 1083497553.
3, 19, 704027
List the prime factors of 1122586184.
2, 140323273
What are the prime factors of 121499709?
3, 79, 512657
List the prime factors of 2503269469.
23, 1009, 107867
List the prime factors of 197168985.
3, 5, 13, 19, 73
List the prime factors of 3762898699.
7, 31, 269, 9209
What are the prime factors of 33056810?
2, 5, 29, 113989
What are the prime factors of 25579294?
2, 13, 983819
List the prime factors of 2116649226.
2, 3, 17, 20751463
What are the prime factors of 1733236095?
3, 5, 5563, 20771
What are the prime factors of 282045414?
2, 3, 7, 6715367
List the prime factors of 1538653535.
5, 19, 31, 41, 12743
What are the prime factors of 39453996?
2, 3, 3287833
What are the prime factors of 761091789?
3, 253697263
What are the prime factors of 29318916?
2, 3, 11, 222113
What are the prime factors of 1247025220?
2, 5, 7, 31, 287333
List the prime factors of 75930156.
2, 3, 19, 37003
List the prime factors of 247581589.
247581589
What are the prime factors of 4325120737?
7, 617874391
List the prime factors of 3079961541.
3, 19, 18011471
What are the prime factors of 2920168212?
2, 3, 13, 18719027
What are the prime factors of 74658825?
3, 5, 389, 853
What are the prime factors of 59924852?
2, 13, 71, 16231
List the prime factors of 339964074.
2, 3, 19, 331349
List the prime factors of 4347682767.
3, 191, 2529193
List the prime factors of 105714781.
101, 1046681
List the prime factors of 353386943.
7, 13, 43, 6947
List the prime factors of 62732703.
3, 11, 17, 67, 1669
List the prime factors of 1127350388.
2, 73, 1303, 2963
List the prime factors of 160417577.
160417577
What are the prime factors of 498897806?
2, 11, 22677173
List the prime factors of 49540987.
1051, 47137
List the prime factors of 730048531.
730048531
What are the prime factors of 46325801?
571, 81131
What are the prime factors of 2103361309?
7, 4801, 8941
List the prime factors of 268396749.
3, 29821861
What are the prime factors of 70941615?
3, 5, 43, 109987
List the prime factors of 4031614829.
11, 29, 41, 199, 1549
What are the prime factors of 8689594?
2, 127, 34211
List the prime factors of 152779718.
2, 7, 13, 31, 2083
List the prime factors of 7834637865.
3, 5, 522309191
What are the prime factors of 8065464745?
5, 13, 71, 613, 2851
List the prime factors of 66426448.
2, 11, 59, 6397
What are the prime factors of 295101127?
89, 337, 9839
List the prime factors of 296475167.
3253, 91139
What are the prime factors of 153412847?
7, 337, 65033
What are the prime factors of 174257710?
2, 5, 11, 173, 9157
What are the prime factors of 13701467?
13, 1053959
List the prime factors of 2005655421.
3, 7, 11, 193, 44987
What are the prime factors of 105686675?
5, 1373, 3079
What are the prime factors of 521676417?
3, 173892139
List the prime factors of 268745511.
3, 89581837
List the prime factors of 147392674.
2, 11, 13, 29, 1367
What are the prime factors of 872706591?
3, 1013, 95723
What are the prime factors of 53306054?
2, 26653027
What are the prime factors of 82486428?
2, 3, 79, 87011
What are the prime factors of 122004130?
2, 5, 19, 283, 2269
List the prime factors of 429864328.
2, 53733041
List the prime factors of 46874608.
2, 11, 266333
What are the prime factors of 188574923?
929, 202987
What are the prime factors of 2001797600?
2, 5, 11, 17, 13381
What are the prime factors of 97443206?
2, 7, 701, 9929
What are the prime factors of 1023290375?
5, 29, 282287
What are the prime factors of 960377931?
3, 47, 756799
What are the prime factors of 28903016?
2, 1301, 2777
What are the prime factors of 2139964425?
3, 5, 2857, 3329
List the prime factors of 595305848.
2, 74413231
List the prime factors of 21833231.
7, 631, 4943
List the prime factors of 76936527.
3, 179, 15919
What are the prime factors of 16579120?
2, 5, 207239
List the prime factors of 70802694.
2, 3, 23, 109, 523
What are the prime factors of 363445333?
23, 31, 509741
List the prime factors of 34726046.
2, 2297, 7559
List the prime factors of 27211736.
2, 3401467
List the prime factors of 191231581.
191231581
What are the prime factors of 73632955?
5, 11, 1338781
What are the prime factors of 2081617743?
3, 37, 103, 163, 1117
List the prime factors of 84730421.
84730421
List the prime factors of 339638399.
339638399
List the prime factors of 82136261.
1153, 71237
What are the prime factors of 118052139?
3, 39350713
List the prime factors of 2738362646.
2, 197, 6950159
What are the prime factors of 39086542?
2, 11, 887, 2003
What are the prime factors of 695929728?
2, 3, 13, 139409
What are the prime factors of 110357400?
2, 3, 5, 193, 953
What are the prime factors of 610437065?
5, 7, 61, 137, 2087
List the prime factors of 33371287.
33371287
List the prime factors of 43533455.
5, 7, 31, 40123
List the prime factors of 233639577.
3, 61, 79, 5387
List the prime factors of 1018208115.
3, 5, 17, 239, 5569
List the prime factors of 1807863863.
13, 109, 1275839
What are the prime factors of 176614074?
2, 3, 7, 13, 127, 283
What are the prime factors of 14147817?
3, 43, 109673
What are the prime factors of 210326946?
2, 3, 35054491
What are the prime factors of 65313418?
2, 32656709
List the prime factors of 3454637.
19, 173, 1051
What are the prime factors of 751547155?
5, 47, 53, 83, 727
List the prime factors of 446357279.
101, 4419379
What are the prime factors of 381397966?
2, 29, 467, 14081
List the prime factors of 2252958944.
2, 70404967
List the prime factors of 2188558915.
5, 61, 757, 9479
What are the prime factors of 46866675?
3, 5, 179, 3491
List the prime factors of 2002709547.
3, 222523283
What are the prime factors of 2355188687?
17, 29, 1021, 4679
What are the prime factors of 79941223?
1993, 40111
What are the prime factors of 341445316?
2, 641, 133169
What are the prime factors of 11007089?
11007089
List the prime factors of 2250670945.
5, 61, 7379249
What are the prime factors of 259112269?
13, 47, 424079
List the prime factors of 5305273839.
3, 103, 5723057
What are the prime factors of 144049961?
11, 727, 18013
What are the prime factors of 2138088066?
2, 3, 2683, 132817
List the prime factors of 108231084.
2, 3, 13, 281, 823
What are the prime factors of 1420199464?
2, 177524933
What are the prime factors of 3012454332?
2, 3, 17, 19, 59, 4391
What are the prime factors of 38194295?
5, 7638859
List the prime factors of 573358175.
5, 13, 31, 56909
What are the prime factors of 3278568362?
2, 41, 39982541
What are the prime factors of 34259797?
11, 13, 239579
What are the prime factors of 407712988?
2, 101928247
What are the prime factors of 43854988?
2, 10963747
List the prime factors of 13367670.
2, 3, 5, 445589
List the prime factors of 3046336948.
2, 761584237
List the prime factors of 47430151.
109, 43513